*3 + 6*u**2 + 3*u - 6. Let d(b) = -7*b + 2. Let c be d(1). Give k(c).
4
Let u(x) be the first derivative of 11*x**4/4 - x**3/3 - 9*x**2/2 - 11*x - 1. Let g(q) = -6*q**3 + q**2 + 5*q + 6. Let m(w) = 7*g(w) + 4*u(w). What is m(-2)?
-4
Let t(x) = -3*x**3 + 2*x**2 + 1. Suppose -8*y + 8 + 8 = 0. Give t(y).
-15
Suppose -5*w = -6 + 1. Let h(c) = -2*c**2 - c + 1. Determine h(w).
-2
Let n(z) = -z**2 - 3*z + 6. Suppose -18*i + 25 = -23*i. What is n(i)?
-4
Let z(l) be the second derivative of -2*l**3/3 - 3*l**2/2 - 8*l. Let t = 4 - 7. Calculate z(t).
9
Let t(i) be the first derivative of -i**4/2 + i**3/3 - i**2 + i - 44. Give t(1).
-2
Let v be (-176)/20 - 3/15. Let o(d) = -d**3 - 10*d**2 - 8*d + 7. What is o(v)?
-2
Suppose -4*q - q = 2*x - 3, -4*q + 2*x = 12. Suppose -2 = -m - 0. Let p(w) = 3*w + 2 - 1 + m*w. Determine p(q).
-4
Suppose 0 = 2*s + 4*d + 26, 3*s + 19 = 2*s - 4*d. Let l(h) = h + 10. What is l(s)?
3
Suppose 8*t = 23*t. Let q(h) = h - 8. Calculate q(t).
-8
Let r(j) = -3 - 79*j**2 + 5*j + 154*j**2 - 76*j**2. Let k(i) = i - i**3 - 1 + 4*i**3 + i. Let o be k(1). What is r(o)?
1
Let k(d) be the second derivative of 2*d**2 - 2/3*d**3 - 3*d + 0 - 1/12*d**4. Determine k(-5).
-1
Let n(m) = -3*m - 6. Let a(u) = u. Let c(j) = -5*a(j) - n(j). Let q(i) = -2*i**2 + 9*i - 5. Let w be q(2). What is c(w)?
-4
Let v(c) be the third derivative of -c**5/60 - 3*c**4/8 + 13*c**3/6 + 13*c**2 + 1. What is v(-11)?
-9
Let j(m) be the second derivative of 8*m**3/3 + m**2/2 - 2*m. Determine j(1).
17
Let s = 11 - 9. Let d(m) = 2*m**2 - 3*m + 1. Determine d(s).
3
Let u(j) = 3*j**2 - j. Let s be u(1). Suppose -f - 10 = f, -s*f - 2 = -4*o. Let w(b) = -2*b - 3. Give w(o).
1
Let k(n) be the first derivative of 4 - 3*n**2 + 5*n**2 + 12*n - 11*n. Calculate k(-2).
-7
Suppose 5*w + 0*w - 10 = 0. Let g(f) = 3*f - 6. Let t(v) = 7. Let n(u) = 8. Let x(l) = 6*n(l) - 7*t(l). Let s(a) = g(a) - 4*x(a). Calculate s(w).
4
Let r(k) = -5*k + 4. Let l be r(0). Let g(p) = -3*p + 6. Determine g(l).
-6
Let k(s) = -2*s + 2. Suppose 3*o + 3*h - 12 = 0, -3*o - o - 5*h + 15 = 0. Suppose -b + 0*p + 8 = p, o*p - 8 = 3*b. Calculate k(b).
-6
Let v(h) be the first derivative of -7*h + 9/2*h**2 - 2 + 1/3*h**3. Let d(a) = a - 1. Let c(f) = -6*d(f) + v(f). Give c(-4).
3
Let a(d) = d**2 - d - 3. Let n be 0*(-1 - -5 - 3). Give a(n).
-3
Let j(h) = h**3 + 9*h**2 - 11*h - 6. Let s(a) = -2*a**2 + 61*a + 21. Let n be s(31). Give j(n).
4
Let s(f) be the second derivative of -5/2*f**2 + 1/12*f**4 + 2*f - 1/2*f**3 + 0. Calculate s(4).
-1
Let z(k) = -34*k + 10*k + 10*k + 11*k - 3. Give z(-3).
6
Let o = -6 + 10. Let w(g) = -1 - o + 1 + 2*g + 0. What is w(4)?
4
Let d(m) = -5*m**2 - m - 1. Let w(x) be the third derivative of -3*x**5/20 - x**4/24 - x**3/3 - x**2. Let t(n) = -7*d(n) + 4*w(n). What is t(2)?
1
Let z(t) be the first derivative of -t**4/4 + 3*t**2/2 + 2*t + 1. Suppose 3 + 3 = -3*u. Let c be z(u). Let l(n) = n + 5. Calculate l(c).
9
Let z(k) = k - 5. Let t(i) = i**2 + 3*i + 0 + 8 - 1 + 5*i. Let m be t(-6). Give z(m).
-10
Let v = 2 - 10. Let k be (1/(-1))/(2/v). Let o(l) = 3*l**2 + 7*l - 3 - l - l**2 - 3*l**2. Give o(k).
5
Let k = 3 - 3. Suppose k = 2*q + 11 - 1. Let j be 6/(-15) - 2/q. Let t(i) = i + 3. Give t(j).
3
Let f(o) be the second derivative of -o**7/840 + o**6/60 - 7*o**5/120 + 5*o**4/24 + o**3/2 + 2*o. Let j(t) be the second derivative of f(t). Calculate j(4).
9
Let f(n) = n**2 - 5*n + 2. Let o be (-66)/(-15) + 6/(-15). Give f(o).
-2
Let c(d) be the third derivative of d**5/60 - d**4/24 + 5*d**3/6 + 2*d**2. Let z(y) = -y**3 + 5*y**2 + 8*y - 7. Let a be z(6). Suppose -f = -a*f. Give c(f).
5
Let p(u) = -17*u**2 - u + 6. Let w(o) = 18*o**2 + o - 7. Let y(d) = -7*p(d) - 6*w(d). Give y(-1).
10
Let j(m) = 7*m**2 - m + 1. Let c(h) = 13*h**2 - 2*h + 2. Let n(v) = 6*c(v) - 11*j(v). Let i be ((0 - 0)*(-2)/8)/1. Give n(i).
1
Suppose -3*s + 9 - 6 = 0. Let k(v) = -5*v - 1. Calculate k(s).
-6
Let d be (((-3)/(-9))/(-1))/((-2)/(-30)). Let x(b) = -b**2 - 7*b - 6. What is x(d)?
4
Let a be (-2 - 0)/(0 - 1). Let g = 5 - a. Let s(i) be the first derivative of -i**2 + 4*i + 1. Give s(g).
-2
Let o(s) = -s**3 + s**2 - s + 2. Let q be 1/(-4) - (-1)/4. Let m be q*(4/(-2) - -1). What is o(m)?
2
Let p(i) = i**2 - 10*i + 5. Let m be p(10). Let x be (-2)/(-10) + (-36)/m. Let c(b) = -b**3 - 6*b**2 + 7*b - 8. Calculate c(x).
-8
Let q = -7 + 1. Let z(b) = b**2 + 9*b + 6. Determine z(q).
-12
Suppose 3*m - 7*c = -2*c - 21, 0 = -3*m - 2*c. Let n(l) be the first derivative of -2*l**2 - l - 1/3*l**3 + 10. Determine n(m).
3
Let z(m) be the first derivative of -m**2/2 - 5*m - 1. Suppose -18 = 3*d + 4*v, -12 = 2*d - 3*v + 2*v. Determine z(d).
1
Let k(i) = -i**2 + 3*i + 5. Let n(j) = 2*j**2 - 5*j - 10. Let w(b) = -7*k(b) - 4*n(b). Calculate w(0).
5
Let h(l) be the first derivative of l**2 - 6. Give h(1).
2
Let i be (8/(-36) - (-100)/45)/2. Suppose -2*r = -5*a + 6, 5*a + 1 - 13 = 4*r. Let o(s) = a + 0*s**2 + 4*s**2 + 1. Give o(i).
5
Let c(b) = -4*b**3 - 17*b**2 - 9*b + 6. Let f(a) = -a**3 - 2*a**2 - 1. Let o(z) = -c(z) + 5*f(z). Determine o(8).
-3
Let q(h) = -4*h - 7. Let f(v) = -6*v - 7. Let l(x) = 4*f(x) - 5*q(x). What is l(5)?
-13
Let l(h) be the second derivative of -h**5/5 + h**4/12 - h**2/2 - 3*h + 2. What is l(1)?
-4
Let j(w) = 6 + 4*w**2 + 0*w - w**3 + 5*w - 2. Suppose -3*p = 2*p. Suppose -4*k + 5 = -2*k + 5*n, 5*k + 4*n - 21 = p. What is j(k)?
4
Let i(g) = 9*g**2 - 5*g - 5*g - 2 - g**3 + 3*g - 5. Determine i(8).
1
Let v be 15/6*4/2. Suppose 0 = -3*o + o + 4. Let u(r) = -r - 2*r**2 - 1 + 3*r**o - 3*r. What is u(v)?
4
Let q(w) = w**2 - 5. Let y = -16 + 16. What is q(y)?
-5
Suppose 5*r - 9 = 2*r. Suppose 5*j = 4*j + 3*n - 15, r*j - 15 = -3*n. Let w(h) = h**2 + 3. Determine w(j).
3
Suppose -2*m - 6 = 8. Let o(w) = -w**3 - 7*w**2 + w + 4. Give o(m).
-3
Let q(a) be the third derivative of 7*a**5/60 - a**3/6 + 2*a**2 + 14. Determine q(-1).
6
Let p(a) = a**3 + 4*a**2 - 2*a + 2. Let g be 8*(1/2 - 1). What is p(g)?
10
Let f(o) be the third derivative of o**4/6 - o**3 - 3*o**2. Let t(q) = -1. Let g(h) = f(h) - 5*t(h). Let m = 2 - 0. Give g(m).
7
Let l(g) = 11*g**2. Let p be (45/10)/9*2. What is l(p)?
11
Let l(f) = -f + 1. Let r(n) = n**2 - 17. Let x(k) = -3*l(k) - r(k). Let q be x(6). Let t(c) = 5*c - 4*c + c**2 + 4*c - 1. What is t(q)?
-5
Let n(g) = -g**2 + 8*g - 4. Let h be n(7). Let o(m) = m**h + 4*m - 4*m - 2*m**2 - 2*m + 2 - 2*m**2. What is o(4)?
-6
Let r(v) be the second derivative of -v**3/6 + v**2/2 + v. Let i(k) = k - 1. Let j(q) = 5*i(q) + 3*r(q). Give j(4).
6
Let c(f) = f + 5. Let s = -9 + 3. Determine c(s).
-1
Let h(i) = -4*i**3 - 3*i**2 - 3*i - 3. Let s(x) = -7*x**3 - 6*x**2 - 6*x - 5. Let k(v) = -5*h(v) + 3*s(v). What is k(-2)?
2
Let z = -9 + 17. Let n = -6 + z. Let t(k) = 2*k + 2. What is t(n)?
6
Let s(f) = -7*f**2 + 1. Let x be 5 - 2 - (1 - 0). Let u be -1*((-4)/(-2))/x. Let o be (u + 4 + -2)/1. Determine s(o).
-6
Let v(a) = 2*a - 2. Let y(t) = t**2 - 5*t + 3. Let k = -8 + 13. Let h be y(k). Suppose -5*b + 2 + h = 0, -2*m = b - 11. Determine v(m).
8
Let l(f) = -2*f + f**2 + 4*f**2 - f**2. Let z(p) = p**2 - p. Let h(j) = -2*l(j) + 7*z(j). Calculate h(-5).
-10
Let n(k) = -3*k - 1. Let b(v) = -v - 5. Let z(r) = -r**3 + 4*r**2 - r. Let q be z(4). Let f be b(q). What is n(f)?
2
Suppose -4*h + 4 = -4. Let v = h + -5. Let p = -3 - v. Let i(k) = -k**3 + k**2 + 1. Calculate i(p).
1
Let v be ((-2)/4)/(3/(-42)). Suppose 12 = 2*x + 2*u, -2*x + 31 = 5*u + v. Let j(q) = -2*q**2 - 2*q**2 - 3 + 6*q**2 - q**x + 3*q. What is j(-3)?
-3
Let c(k) = 3*k**3 + k**2 + 15*k - 7. Let x(v) = 4*v**3 + 2*v**2 + 22*v - 10. Let i(b) = 7*c(b) - 5*x(b). What is i(4)?
-3
Let z(c) = -c - 1. Let n(v) = -5*v - 6. Let j(k) = -n(k) + 4*z(k). Suppose 3*r = -r + 40. Suppose -3*x - 2*x = r. What is j(x)?
0
Suppose -7 = -3*v + 5, 4*v = 4*g + 32. Let f(t) = -t**3 - 3*t**2 + 4*t + 3. Calculate f(g).
3
Suppose 1 = r + 4. Let s be 0 - ((r - -2) + -1). Let t = 2 + s. Let g(n) = -n**2 + 5*n - 6. Calculate g(t).
-2
Let f(v) = -v**2 - 7*v + 3. Let x be f(-7). Let i = -4 - -6. Let r(o) = x - 3*o + 2*o + i*o. Give r(-3).
0
Let u(m) be the second derivative of 0 + 1/2*m**3 + 1/2*m**2 - 5*m. Give u(-3).
-8
Let r(d) be the first derivative of d**2 + d + 2. Suppose -3*k + 30 = -6*